 + n = -v*z + z. What are the prime factors of z?
2, 3
Let h(l) = l**2 - 5*l - 2. Let g be h(6). Let b(j) = -5*j + 2*j + 3*j - g*j. What are the prime factors of b(-4)?
2
Let w = -14 + 19. Let r(g) = 2*g**2 - 6*g + 4. List the prime factors of r(w).
2, 3
Suppose -i + 7 = -20. List the prime factors of i.
3
Let b(c) = -c - 5. Let a be b(-4). Let m be (a/3)/(2/(-6)). What are the prime factors of (1/3)/(m/9)?
3
Suppose 5*l - 5*y = -y + 490, l = 4*y + 82. List the prime factors of l.
2, 3, 17
Suppose 0 = 5*j + d + d - 73, 2*j - d - 22 = 0. List the prime factors of j.
13
Suppose -5*f + 3*b = -743, -f + 5*b + 151 = 2*b. What are the prime factors of f?
2, 37
Let o = 60 + -40. Suppose -5*g + 5*f + 30 = 0, 2*g - f - 6 - 4 = 0. Suppose 0 = 3*j - o - g. What are the prime factors of j?
2
Let b = 9 - 4. Suppose j - 2 = -2*a + 6, -b*j + 19 = 3*a. List the prime factors of 9 - 2/((-4)/j).
2, 5
Let y(a) = 15*a + 6. Let b be y(6). Suppose -5*u - 3*s - b = 0, u - 4*u - 46 = -4*s. Let r = u - -29. List the prime factors of r.
11
What are the prime factors of 18/((-2)/(2/(-1)))?
2, 3
Suppose 4*k = k - 12. Let y be 2 + (2/(-1) - 15). List the prime factors of k/5*y/6.
2
Suppose -8*h + 135 = -177. What are the prime factors of h?
3, 13
Let l = 47 + -34. Let k = l - -7. Suppose 0 = 2*u + 2*u - k. List the prime factors of u.
5
What are the prime factors of (24/(-9) - -1)*-69?
5, 23
Let t(v) = -4*v + 4. Let f be t(4). Let w = f - -30. What are the prime factors of w?
2, 3
Let w(m) = -m + 1. Let k be w(-2). Let f(a) = a**3 - 2*a**2 - 3*a + 4. Let g be f(k). Suppose g*u - 40 = -12. List the prime factors of u.
7
Suppose 0 = 2*p + 2*p. Let i be 3 - -1*(-3)/3. Suppose -r = p, -c + 3*r + 5 = -i. List the prime factors of c.
7
Let d(f) = 2*f**2 - f + 1. Let g be d(1). Let v(n) = n**2 + n + 1. Let r(m) = 8*m**2 + 6*m + 7. Let c(w) = r(w) - 6*v(w). List the prime factors of c(g).
3
Let o(y) = y**3 + y**2 - y - 1. Let c be o(-1). Suppose 5*i - 23 - 52 = c. List the prime factors of i.
3, 5
Let j = -9 - -6. Let l = -3 - j. List the prime factors of l + 9 - (4 - 4).
3
Suppose 108 = l - 3*f - 117, 0 = 5*l + 4*f - 1087. List the prime factors of l.
3, 73
Let c be (-2)/(-3) + (-4)/6. Let u(n) = 1 + n + 0*n + 6 + 8. List the prime factors of u(c).
3, 5
Let u be -1*(-9 + 1) + 0. Suppose 0 = -u*g + 2*g + 24. What are the prime factors of g?
2
Suppose 2*u = 5*c - 250, -5*c + 0 + 215 = 5*u. Suppose p + 14 = c. What are the prime factors of p?
2, 17
Let q(y) = -y**2 + 7*y - 1. Let u(r) = -2*r**2 + 10*r - 1. Let g(c) = 7*q(c) - 5*u(c). List the prime factors of g(-3).
2, 7
List the prime factors of (-15)/(-5) + (33 - -3).
3, 13
Suppose 2*m - 3*m - s = -5, 0 = -m - 2*s + 2. What are the prime factors of m?
2
Let o = 39 - 14. Suppose 5*g = -5 + o. What are the prime factors of g?
2
Suppose 6*s - 62 = 8*s. Let j = 13 + -8. What are the prime factors of (-4)/20 - s/j?
2, 3
Let p be 5 - (1 + -4*1). What are the prime factors of (-78)/(-8)*p/3?
2, 13
Suppose 4*c - c = -2*b + 193, b + c = 95. List the prime factors of b.
2, 23
Suppose -8 + 2 = 3*v + 3*t, -5*v - 4*t - 6 = 0. Suppose -v*i + 15 = -39. What are the prime factors of (3 + -1)*i/3?
2, 3
Suppose -t + z = -2*z - 57, 5*t - 285 = 4*z. List the prime factors of t.
3, 19
Let k(d) = -2 + 6 + 10*d - 3. List the prime factors of k(1).
11
Let o be (-10)/4*2/(-1). Suppose -15 = -2*t + o. Suppose -3*n + 14 = -t. What are the prime factors of n?
2
Let r(x) = 11*x**2 - 10*x**2 + 12*x**2 + 16*x - x**3. List the prime factors of r(14).
2, 7
Let q(y) = -y**2 + 16*y + 16. Let f be q(18). Let g = 10 - f. List the prime factors of g.
2, 3, 5
Suppose 4*f - 29 = 3*l, 2*f - 2*l - l - 7 = 0. What are the prime factors of f?
11
Let l(g) = g**3 - g**2 + g + 3. Let k be l(0). Suppose 4*c + 47 = k*r - 77, -r = 4*c + 108. Let d = c + 40. List the prime factors of d.
2, 3
Let j = -4 - -4. Suppose 0 = 3*i - 0*i + 5*u - 75, j = -4*i + u + 123. What are the prime factors of i?
2, 3, 5
Suppose 55 = 6*q - q. Suppose 3*y - 22 = q. List the prime factors of y.
11
Let m be 1869/27 - 2/9. Suppose -3*x - 21 = -m. What are the prime factors of x?
2
Suppose -4*g + 3 = -17. Suppose -d + g = -15. What are the prime factors of d?
2, 5
Suppose 9 = 5*p - 16. Suppose 5*i + 3*o = 130, i - 33 = -7*o + p*o. What are the prime factors of i?
23
Let x be ((-9)/12)/((-3)/(-60)). Let j = x + 21. Let n = j - 1. What are the prime factors of n?
5
Let i(x) = x**2 + 6*x - 5. Let k be i(-5). Let u = -50 - -75. Let b = k + u. What are the prime factors of b?
3, 5
Suppose -3 = -3*y + 5*y + 3*x, 0 = -5*y + 5*x + 55. List the prime factors of y.
2, 3
Let z be -1*(-6 + (-12)/(-4)). Suppose -z*c = 2*c - 65. List the prime factors of c.
13
Let f = 74 + -48. List the prime factors of f.
2, 13
Suppose 140 = 2*i - 3*x, i - 5*x = 2*i - 44. What are the prime factors of i?
2
Let r(t) = t**3 - 6*t**2 - 2*t - 10. Let b be r(7). Suppose c - b = -4*c. List the prime factors of c.
5
Suppose 320 = 5*s - 5*u, -s = -4*u + 27 - 79. List the prime factors of s.
2, 17
Let r be (1 - 2) + (5 - 8). Let c = 8 + r. List the prime factors of c.
2
List the prime factors of (536/(-24))/(((-1)/(-6))/(-1)).
2, 67
Let f(a) = a**3 + 12*a**2 - 14*a + 25. List the prime factors of f(-12).
193
Let t(s) = -10*s**2 + 3*s + 3. Let v be t(-3). Let i be 1/(-1)*v/3. Let o = i + -21. List the prime factors of o.
11
Let f = 596 + -425. What are the prime factors of f?
3, 19
Suppose -126 = -4*a + a. Suppose 0*o = -2*o + a. List the prime factors of o.
3, 7
What are the prime factors of -3 + 16 - (-4 - -3)?
2, 7
Let p(w) = -w**3 + 10*w**2 - 9*w - 9. Let g be p(9). Let n(d) = -d**3 - 10*d**2 - 10*d + 6. What are the prime factors of n(g)?
3, 5
Let m = 17 - 12. Let u(o) = -o**2 + 4*o + 5. Let a be u(m). Let g(t) = -t + 5. List the prime factors of g(a).
5
Let f = 8 - 5. Let a be f/3 - 4 - -3. Let g = a + 6. What are the prime factors of g?
2, 3
Suppose -4*n + x = 106, n = -n + 5*x - 62. Suppose 3*l = 5*u + 12, -2*u = -4*l + 11 + 5. What are the prime factors of n/(-7) + l/14?
2
Let r(n) = 7*n - 1. Let b be r(3). Suppose -4*f - 4 = -b. Suppose 2*g - 15 = -3*v + g, -f*g = -v + 5. What are the prime factors of v?
5
Suppose 3*r + 8 = -r. Let v(x) = -x**3 - x**2 - 2*x - 2. What are the prime factors of v(r)?
2, 3
Let r(i) = 5*i**2 + 4*i - 18. What are the prime factors of r(-5)?
3, 29
Suppose -5*w + 5*y + 505 - 170 = 0, -5*y = -w + 71. What are the prime factors of w?
2, 3, 11
Suppose -176 = -5*w + 34. What are the prime factors of w?
2, 3, 7
Let f = 17 - 10. Let h = -7 + f. Suppose -3*v + 42 = -h*v. List the prime factors of v.
2, 7
Let r(u) = -67*u + 1. List the prime factors of r(-2).
3, 5
Let g = 5 - 0. Let n(q) = -4*q**3 + 0*q**2 + 3*q**3 + 5*q + 4 + 4*q**2 + 1. What are the prime factors of n(g)?
5
Suppose 3*t - 5*d = 34 - 10, -5*d + 32 = 4*t. Let p be (-3)/(-12) - 18/t. What are the prime factors of 5*((-32)/(-10) + p)?
2, 3
Suppose 2*d - 26 = d - o, 0 = -3*o + 12. Let f = d - 8. What are the prime factors of f?
2, 7
Suppose q - 2*d = 9, 9*q = 4*q + 4*d + 27. Suppose -3*r + 18 = 2*n, q*r - 4 - 5 = -5*n. Suppose 3*g - 17 = -r. What are the prime factors of g?
3
Suppose 32 = -2*c + 106. Let q = c + -10. What are the prime factors of q?
3
Suppose -43 = 4*p - 5*p. What are the prime factors of p?
43
Let w(t) be the third derivative of t**4/4 - 2*t**3/3 - 11*t**2. What are the prime factors of w(6)?
2
Suppose 0 = 5*h - u - 735, -4*h - 3*u + 190 = -379. What are the prime factors of h?
2, 73
Let p = -2 - -44. What are the prime factors of p?
2, 3, 7
Suppose 5*s + 108 = 2*y + 28, -5*y - 4*s = -167. Suppose 5*l - 2*l - 15 = 0. Suppose 0*f - l*f = -y. List the prime factors of f.
7
Let s = -6 + 8. Suppose -3 - 1 = -s*a. Suppose 2*p - 3*j = 2*j + 45, 0 = -p - a*j. What are the prime factors of p?
2, 5
Let d(g) be the first derivative of g**3/3 + g**2/2 - 3*g - 2. What are the prime factors of d(-3)?
3
Let r be 2/(-8) + 273/4. Suppose -52 = -5*c - 2*t, -7*c + 2*t + r = -2*c. Let h = c + -5. List the prime factors of h.
7
Suppose 0 = -k + 5*y - 20, 4*k + 4*y = 6*y - 8. Let c = 14 + k. What are the prime factors of c?
2, 7
Let s = -4 + -5. Let t = s - -31. What are the prime factors of t?
2, 11
Let q(v) = 3*v + 1. Let m be q(-2). Let j = m - -7.